{"id":6503,"date":"2019-06-17T14:26:09","date_gmt":"2019-06-17T17:26:09","guid":{"rendered":"http:\/\/bodegalasarcas.com.ar\/web\/?page_id=6503"},"modified":"2020-10-07T09:41:28","modified_gmt":"2020-10-07T12:41:28","slug":"siete-vacas-origen","status":"publish","type":"page","link":"https:\/\/bodegalasarcas.com.ar\/web\/siete-vacas-origen\/","title":{"rendered":"Siete Vacas Origen"},"content":{"rendered":"<section class=\"l-section wpb_row height_medium\"><div class=\"l-section-h i-cf\"><div class=\"g-cols vc_row via_flex valign_top type_default stacking_default\"><div class=\"vc_col-sm-12 wpb_column vc_column_container\"><div class=\"vc_column-inner\"><div class=\"wpb_wrapper\"><div class=\"wpb_text_column\"><div class=\"wpb_wrapper\"><h6 style=\"text-align: center;\">Conoc\u00e9 nuestra l\u00ednea Siete Vacas de vinos tintos y blancos j\u00f3venes sin paso por barrica.<\/h6>\n<\/div><\/div><div class=\"w-separator size_small\"><\/div><div class=\"w-grid type_masonry layout_143 cols_5 overflow_hidden with_isotope\" id=\"us_grid_1\" style=\"--columns:5;\" data-filterable=\"true\"><style>@media (max-width:1023px){#us_grid_1{--columns:3!important}}@media (max-width:575px){#us_grid_1{--columns:2!important}}.layout_143 .w-grid-item-h{background:#ffffff;color:#66525f}.layout_143 .usg_vwrapper_1{transition-duration:0.35s;transform-origin:50% 50%;transform:scale(1) translate(0%,101%)}.layout_143 .w-grid-item-h:focus-within .usg_vwrapper_1,.layout_143 .w-grid-item-h:hover .usg_vwrapper_1{transform:scale(1) translate(0%,0%);opacity:1}.layout_143 .usg_post_custom_field_1{transition-duration:0.35s;transform-origin:50% 50%;transform:scale(1) translate(0%,100%)}.layout_143 .w-grid-item-h:focus-within .usg_post_custom_field_1,.layout_143 .w-grid-item-h:hover .usg_post_custom_field_1{transform:scale(1) translate(0%,0%);opacity:1}.layout_143 .usg_vwrapper_1{position:absolute!important;left:0!important;bottom:-1px!important;right:0!important;background:inherit!important;padding:1.2rem 1.5rem 1.2rem 1.5rem!important}.layout_143 .usg_post_title_1{font-size:1.2rem!important;color:inherit!important}.layout_143 .usg_post_custom_field_1{position:absolute!important;left:0!important;top:0!important;bottom:0!important;right:0!important}.layout_143 .usg_post_taxonomy_1{font-size:0.9rem!important}<\/style><div class=\"w-grid-list\">\t<article class=\"w-grid-item size_1x1 post-6320 us_portfolio type-us_portfolio status-publish has-post-thumbnail hentry us_portfolio_category-siete-vacas-origen\" data-id=\"6320\">\r\n\t\t<div class=\"w-grid-item-h\">\r\n\t\t\t\t\t\t\t<a href=\"https:\/\/bodegalasarcas.com.ar\/web\/portfolio\/siete-vacas-torrontes-tardio\/\" class=\"w-grid-item-anchor\" aria-label=\"Siete Vacas Torront\u00e9s Tard\u00edo\"><\/a>\r\n\t\t\t\t\t\t<div class=\"w-post-elm post_image usg_post_image_1 stretched\"><img loading=\"lazy\" decoding=\"async\" width=\"595\" height=\"842\" src=\"https:\/\/bodegalasarcas.com.ar\/web\/wp-content\/uploads\/2019\/06\/vinos_torrontes_tardio.jpg\" class=\"attachment-full size-full wp-post-image\" alt=\"\" srcset=\"https:\/\/bodegalasarcas.com.ar\/web\/wp-content\/uploads\/2019\/06\/vinos_torrontes_tardio.jpg 595w, https:\/\/bodegalasarcas.com.ar\/web\/wp-content\/uploads\/2019\/06\/vinos_torrontes_tardio-283x400.jpg 283w, https:\/\/bodegalasarcas.com.ar\/web\/wp-content\/uploads\/2019\/06\/vinos_torrontes_tardio-141x200.jpg 141w, https:\/\/bodegalasarcas.com.ar\/web\/wp-content\/uploads\/2019\/06\/vinos_torrontes_tardio-350x495.jpg 350w\" sizes=\"auto, (max-width: 595px) 100vw, 595px\" \/><\/div><div class=\"w-vwrapper usg_vwrapper_1 grid_arrow_top align_center valign_top\"><h2 class=\"w-post-elm post_title usg_post_title_1 has_text_color entry-title color_link_inherit\">Siete Vacas Torront\u00e9s Tard\u00edo<\/h2><div class=\"w-post-elm post_taxonomy usg_post_taxonomy_1 style_simple color_link_inherit\"><a class=\"term-3 term-siete-vacas-origen\" href=\"https:\/\/bodegalasarcas.com.ar\/web\/portfolio_category\/siete-vacas-origen\/\">Siete Vacas L\u00ednea Origen<\/a><\/div><\/div>\t\t<\/div>\r\n\t\t\t<\/article>\r\n\t<article class=\"w-grid-item size_1x1 post-7447 us_portfolio type-us_portfolio status-publish has-post-thumbnail hentry us_portfolio_category-siete-vacas-origen\" data-id=\"7447\">\r\n\t\t<div class=\"w-grid-item-h\">\r\n\t\t\t\t\t\t\t<a href=\"https:\/\/bodegalasarcas.com.ar\/web\/portfolio\/siete-vacas-torrontes-rose\/\" class=\"w-grid-item-anchor\" aria-label=\"Siete Vacas Torront\u00e9s Rose\"><\/a>\r\n\t\t\t\t\t\t<div class=\"w-post-elm post_image usg_post_image_1 stretched\"><img loading=\"lazy\" decoding=\"async\" width=\"595\" height=\"842\" src=\"https:\/\/bodegalasarcas.com.ar\/web\/wp-content\/uploads\/2018\/04\/vino_torrontes-Rosado.png\" class=\"attachment-full size-full wp-post-image\" alt=\"Vino Torront\u00e9s Rosado Siete Vacas\" srcset=\"https:\/\/bodegalasarcas.com.ar\/web\/wp-content\/uploads\/2018\/04\/vino_torrontes-Rosado.png 595w, https:\/\/bodegalasarcas.com.ar\/web\/wp-content\/uploads\/2018\/04\/vino_torrontes-Rosado-283x400.png 283w, https:\/\/bodegalasarcas.com.ar\/web\/wp-content\/uploads\/2018\/04\/vino_torrontes-Rosado-141x200.png 141w, https:\/\/bodegalasarcas.com.ar\/web\/wp-content\/uploads\/2018\/04\/vino_torrontes-Rosado-350x495.png 350w\" sizes=\"auto, (max-width: 595px) 100vw, 595px\" \/><\/div><div class=\"w-vwrapper usg_vwrapper_1 grid_arrow_top align_center valign_top\"><h2 class=\"w-post-elm post_title usg_post_title_1 has_text_color entry-title color_link_inherit\">Siete Vacas Torront\u00e9s Rose<\/h2><div class=\"w-post-elm post_taxonomy usg_post_taxonomy_1 style_simple color_link_inherit\"><a class=\"term-3 term-siete-vacas-origen\" href=\"https:\/\/bodegalasarcas.com.ar\/web\/portfolio_category\/siete-vacas-origen\/\">Siete Vacas L\u00ednea Origen<\/a><\/div><\/div>\t\t<\/div>\r\n\t\t\t<\/article>\r\n\t<article class=\"w-grid-item size_1x1 post-122 us_portfolio type-us_portfolio status-publish has-post-thumbnail hentry us_portfolio_category-siete-vacas-origen\" data-id=\"122\">\r\n\t\t<div class=\"w-grid-item-h\">\r\n\t\t\t\t\t\t\t<a href=\"https:\/\/bodegalasarcas.com.ar\/web\/portfolio\/siete-vacas-torrontes\/\" class=\"w-grid-item-anchor\" aria-label=\"Siete Vacas Torront\u00e9s\"><\/a>\r\n\t\t\t\t\t\t<div class=\"w-post-elm post_image usg_post_image_1 stretched\"><img loading=\"lazy\" decoding=\"async\" width=\"595\" height=\"842\" src=\"https:\/\/bodegalasarcas.com.ar\/web\/wp-content\/uploads\/2019\/06\/vinos_torrontes.jpg\" class=\"attachment-full size-full wp-post-image\" alt=\"\" srcset=\"https:\/\/bodegalasarcas.com.ar\/web\/wp-content\/uploads\/2019\/06\/vinos_torrontes.jpg 595w, https:\/\/bodegalasarcas.com.ar\/web\/wp-content\/uploads\/2019\/06\/vinos_torrontes-283x400.jpg 283w, https:\/\/bodegalasarcas.com.ar\/web\/wp-content\/uploads\/2019\/06\/vinos_torrontes-141x200.jpg 141w, https:\/\/bodegalasarcas.com.ar\/web\/wp-content\/uploads\/2019\/06\/vinos_torrontes-350x495.jpg 350w\" sizes=\"auto, (max-width: 595px) 100vw, 595px\" \/><\/div><div class=\"w-vwrapper usg_vwrapper_1 grid_arrow_top align_center valign_top\"><h2 class=\"w-post-elm post_title usg_post_title_1 has_text_color entry-title color_link_inherit\">Siete Vacas Torront\u00e9s<\/h2><div class=\"w-post-elm post_taxonomy usg_post_taxonomy_1 style_simple color_link_inherit\"><a class=\"term-3 term-siete-vacas-origen\" href=\"https:\/\/bodegalasarcas.com.ar\/web\/portfolio_category\/siete-vacas-origen\/\">Siete Vacas L\u00ednea Origen<\/a><\/div><\/div>\t\t<\/div>\r\n\t\t\t<\/article>\r\n\t<article class=\"w-grid-item size_1x1 post-8298 us_portfolio type-us_portfolio status-publish has-post-thumbnail hentry us_portfolio_category-siete-vacas-origen\" data-id=\"8298\">\r\n\t\t<div class=\"w-grid-item-h\">\r\n\t\t\t\t\t\t\t<a href=\"https:\/\/bodegalasarcas.com.ar\/web\/portfolio\/siete-vacas-naranjo\/\" class=\"w-grid-item-anchor\" aria-label=\"Siete Vacas Naranjo\"><\/a>\r\n\t\t\t\t\t\t<div class=\"w-post-elm post_image usg_post_image_1 stretched\"><img loading=\"lazy\" decoding=\"async\" width=\"595\" height=\"842\" src=\"https:\/\/bodegalasarcas.com.ar\/web\/wp-content\/uploads\/2025\/05\/vinos_naranjo.jpg\" class=\"attachment-full size-full wp-post-image\" alt=\"\" srcset=\"https:\/\/bodegalasarcas.com.ar\/web\/wp-content\/uploads\/2025\/05\/vinos_naranjo.jpg 595w, https:\/\/bodegalasarcas.com.ar\/web\/wp-content\/uploads\/2025\/05\/vinos_naranjo-283x400.jpg 283w, https:\/\/bodegalasarcas.com.ar\/web\/wp-content\/uploads\/2025\/05\/vinos_naranjo-141x200.jpg 141w, https:\/\/bodegalasarcas.com.ar\/web\/wp-content\/uploads\/2025\/05\/vinos_naranjo-350x495.jpg 350w\" sizes=\"auto, (max-width: 595px) 100vw, 595px\" \/><\/div><div class=\"w-vwrapper usg_vwrapper_1 grid_arrow_top align_center valign_top\"><h2 class=\"w-post-elm post_title usg_post_title_1 has_text_color entry-title color_link_inherit\">Siete Vacas Naranjo<\/h2><div class=\"w-post-elm post_taxonomy usg_post_taxonomy_1 style_simple color_link_inherit\"><a class=\"term-3 term-siete-vacas-origen\" href=\"https:\/\/bodegalasarcas.com.ar\/web\/portfolio_category\/siete-vacas-origen\/\">Siete Vacas L\u00ednea Origen<\/a><\/div><\/div>\t\t<\/div>\r\n\t\t\t<\/article>\r\n\t<article class=\"w-grid-item size_1x2 post-52 us_portfolio type-us_portfolio status-publish has-post-thumbnail hentry us_portfolio_category-siete-vacas-origen\" data-id=\"52\">\r\n\t\t<div class=\"w-grid-item-h\">\r\n\t\t\t\t\t\t\t<a href=\"https:\/\/bodegalasarcas.com.ar\/web\/portfolio\/siete-vacas-tannat\/\" class=\"w-grid-item-anchor\" aria-label=\"Siete Vacas Tannat\"><\/a>\r\n\t\t\t\t\t\t<div class=\"w-post-elm post_image usg_post_image_1 stretched\"><img loading=\"lazy\" decoding=\"async\" width=\"595\" height=\"842\" src=\"https:\/\/bodegalasarcas.com.ar\/web\/wp-content\/uploads\/2019\/06\/vinos_tannat.jpg\" class=\"attachment-full size-full wp-post-image\" alt=\"\" srcset=\"https:\/\/bodegalasarcas.com.ar\/web\/wp-content\/uploads\/2019\/06\/vinos_tannat.jpg 595w, https:\/\/bodegalasarcas.com.ar\/web\/wp-content\/uploads\/2019\/06\/vinos_tannat-283x400.jpg 283w, https:\/\/bodegalasarcas.com.ar\/web\/wp-content\/uploads\/2019\/06\/vinos_tannat-141x200.jpg 141w, https:\/\/bodegalasarcas.com.ar\/web\/wp-content\/uploads\/2019\/06\/vinos_tannat-350x495.jpg 350w\" sizes=\"auto, (max-width: 595px) 100vw, 595px\" \/><\/div><div class=\"w-vwrapper usg_vwrapper_1 grid_arrow_top align_center valign_top\"><h2 class=\"w-post-elm post_title usg_post_title_1 has_text_color entry-title color_link_inherit\">Siete Vacas Tannat<\/h2><div class=\"w-post-elm post_taxonomy usg_post_taxonomy_1 style_simple color_link_inherit\"><a class=\"term-3 term-siete-vacas-origen\" href=\"https:\/\/bodegalasarcas.com.ar\/web\/portfolio_category\/siete-vacas-origen\/\">Siete Vacas L\u00ednea Origen<\/a><\/div><\/div>\t\t<\/div>\r\n\t\t\t<\/article>\r\n\t<article class=\"w-grid-item size_1x1 post-110 us_portfolio type-us_portfolio status-publish has-post-thumbnail hentry us_portfolio_category-siete-vacas-origen\" data-id=\"110\">\r\n\t\t<div class=\"w-grid-item-h\">\r\n\t\t\t\t\t\t\t<a href=\"https:\/\/bodegalasarcas.com.ar\/web\/portfolio\/siete-vacas-malbec\/\" class=\"w-grid-item-anchor\" aria-label=\"Siete Vacas Malbec\"><\/a>\r\n\t\t\t\t\t\t<div class=\"w-post-elm post_image usg_post_image_1 stretched\"><img loading=\"lazy\" decoding=\"async\" width=\"595\" height=\"842\" src=\"https:\/\/bodegalasarcas.com.ar\/web\/wp-content\/uploads\/2019\/06\/vinos_malbec.jpg\" class=\"attachment-full size-full wp-post-image\" alt=\"\" srcset=\"https:\/\/bodegalasarcas.com.ar\/web\/wp-content\/uploads\/2019\/06\/vinos_malbec.jpg 595w, https:\/\/bodegalasarcas.com.ar\/web\/wp-content\/uploads\/2019\/06\/vinos_malbec-283x400.jpg 283w, https:\/\/bodegalasarcas.com.ar\/web\/wp-content\/uploads\/2019\/06\/vinos_malbec-141x200.jpg 141w, https:\/\/bodegalasarcas.com.ar\/web\/wp-content\/uploads\/2019\/06\/vinos_malbec-350x495.jpg 350w\" sizes=\"auto, (max-width: 595px) 100vw, 595px\" \/><\/div><div class=\"w-vwrapper usg_vwrapper_1 grid_arrow_top align_center valign_top\"><h2 class=\"w-post-elm post_title usg_post_title_1 has_text_color entry-title color_link_inherit\">Siete Vacas Malbec<\/h2><div class=\"w-post-elm post_taxonomy usg_post_taxonomy_1 style_simple color_link_inherit\"><a class=\"term-3 term-siete-vacas-origen\" href=\"https:\/\/bodegalasarcas.com.ar\/web\/portfolio_category\/siete-vacas-origen\/\">Siete Vacas L\u00ednea Origen<\/a><\/div><\/div>\t\t<\/div>\r\n\t\t\t<\/article>\r\n\t<article class=\"w-grid-item size_1x1 post-154 us_portfolio type-us_portfolio status-publish has-post-thumbnail hentry us_portfolio_category-siete-vacas-origen\" data-id=\"154\">\r\n\t\t<div class=\"w-grid-item-h\">\r\n\t\t\t\t\t\t\t<a href=\"https:\/\/bodegalasarcas.com.ar\/web\/portfolio\/siete-vacas-cabernet-sauvignon\/\" class=\"w-grid-item-anchor\" aria-label=\"Siete Vacas Cabernet Sauvignon\"><\/a>\r\n\t\t\t\t\t\t<div class=\"w-post-elm post_image usg_post_image_1 stretched\"><img loading=\"lazy\" decoding=\"async\" width=\"595\" height=\"842\" src=\"https:\/\/bodegalasarcas.com.ar\/web\/wp-content\/uploads\/2019\/06\/vinos_cabernet.jpg\" class=\"attachment-full size-full wp-post-image\" alt=\"\" srcset=\"https:\/\/bodegalasarcas.com.ar\/web\/wp-content\/uploads\/2019\/06\/vinos_cabernet.jpg 595w, https:\/\/bodegalasarcas.com.ar\/web\/wp-content\/uploads\/2019\/06\/vinos_cabernet-283x400.jpg 283w, https:\/\/bodegalasarcas.com.ar\/web\/wp-content\/uploads\/2019\/06\/vinos_cabernet-141x200.jpg 141w, https:\/\/bodegalasarcas.com.ar\/web\/wp-content\/uploads\/2019\/06\/vinos_cabernet-350x495.jpg 350w\" sizes=\"auto, (max-width: 595px) 100vw, 595px\" \/><\/div><div class=\"w-vwrapper usg_vwrapper_1 grid_arrow_top align_center valign_top\"><h2 class=\"w-post-elm post_title usg_post_title_1 has_text_color entry-title color_link_inherit\">Siete Vacas Cabernet Sauvignon<\/h2><div class=\"w-post-elm post_taxonomy usg_post_taxonomy_1 style_simple color_link_inherit\"><a class=\"term-3 term-siete-vacas-origen\" href=\"https:\/\/bodegalasarcas.com.ar\/web\/portfolio_category\/siete-vacas-origen\/\">Siete Vacas L\u00ednea Origen<\/a><\/div><\/div>\t\t<\/div>\r\n\t\t\t<\/article>\r\n\t<article class=\"w-grid-item size_1x1 post-8303 us_portfolio type-us_portfolio status-publish has-post-thumbnail hentry us_portfolio_category-siete-vacas-origen\" data-id=\"8303\">\r\n\t\t<div class=\"w-grid-item-h\">\r\n\t\t\t\t\t\t\t<a href=\"https:\/\/bodegalasarcas.com.ar\/web\/portfolio\/siete-vacas-blend-de-tintas\/\" class=\"w-grid-item-anchor\" aria-label=\"Siete Vacas Blend de Tintas\"><\/a>\r\n\t\t\t\t\t\t<div class=\"w-post-elm post_image usg_post_image_1 stretched\"><img loading=\"lazy\" decoding=\"async\" width=\"595\" height=\"842\" src=\"https:\/\/bodegalasarcas.com.ar\/web\/wp-content\/uploads\/2025\/05\/vinos_blendDeTintas.jpg\" class=\"attachment-full size-full wp-post-image\" alt=\"\" srcset=\"https:\/\/bodegalasarcas.com.ar\/web\/wp-content\/uploads\/2025\/05\/vinos_blendDeTintas.jpg 595w, https:\/\/bodegalasarcas.com.ar\/web\/wp-content\/uploads\/2025\/05\/vinos_blendDeTintas-283x400.jpg 283w, https:\/\/bodegalasarcas.com.ar\/web\/wp-content\/uploads\/2025\/05\/vinos_blendDeTintas-141x200.jpg 141w, https:\/\/bodegalasarcas.com.ar\/web\/wp-content\/uploads\/2025\/05\/vinos_blendDeTintas-350x495.jpg 350w\" sizes=\"auto, (max-width: 595px) 100vw, 595px\" \/><\/div><div class=\"w-vwrapper usg_vwrapper_1 grid_arrow_top align_center valign_top\"><h2 class=\"w-post-elm post_title usg_post_title_1 has_text_color entry-title color_link_inherit\">Siete Vacas Blend de Tintas<\/h2><div class=\"w-post-elm post_taxonomy usg_post_taxonomy_1 style_simple color_link_inherit\"><a class=\"term-3 term-siete-vacas-origen\" href=\"https:\/\/bodegalasarcas.com.ar\/web\/portfolio_category\/siete-vacas-origen\/\">Siete Vacas L\u00ednea Origen<\/a><\/div><\/div>\t\t<\/div>\r\n\t\t\t<\/article>\r\n<\/div><div class=\"w-grid-preloader\">\t<div class=\"g-preloader type_1\">\r\n\t\t<div><\/div>\r\n\t<\/div>\r\n\t<\/div>\t<div class=\"w-grid-json hidden\" onclick='return {&quot;action&quot;:&quot;us_ajax_grid&quot;,&quot;infinite_scroll&quot;:0,&quot;max_num_pages&quot;:1,&quot;pagination&quot;:&quot;none&quot;,&quot;template_vars&quot;:{&quot;columns&quot;:&quot;5&quot;,&quot;exclude_items&quot;:&quot;none&quot;,&quot;img_size&quot;:&quot;full&quot;,&quot;ignore_items_size&quot;:0,&quot;items_layout&quot;:&quot;143&quot;,&quot;items_offset&quot;:&quot;1&quot;,&quot;load_animation&quot;:&quot;none&quot;,&quot;overriding_link&quot;:&quot;%7B%22type%22%3A%22post%22%7D&quot;,&quot;post_id&quot;:0,&quot;query_args&quot;:{&quot;post_type&quot;:[&quot;us_portfolio&quot;],&quot;tax_query&quot;:[{&quot;taxonomy&quot;:&quot;us_portfolio_category&quot;,&quot;field&quot;:&quot;slug&quot;,&quot;terms&quot;:[&quot;siete-vacas-origen&quot;]}],&quot;post_status&quot;:[&quot;publish&quot;],&quot;posts_per_page&quot;:999},&quot;orderby_query_args&quot;:{&quot;orderby&quot;:{&quot;date&quot;:&quot;ASC&quot;}},&quot;type&quot;:&quot;masonry&quot;,&quot;us_grid_post_type&quot;:&quot;us_portfolio&quot;,&quot;us_grid_ajax_index&quot;:1,&quot;us_grid_filter_query_string&quot;:null,&quot;us_grid_index&quot;:1,&quot;page_args&quot;:[]}}'><\/div>\r\n\t<\/div><\/div><\/div><\/div><\/div><\/div><\/section>\n","protected":false},"excerpt":{"rendered":"[vc_custom_heading text=\"Siete Vacas Blend de Tintas\" use_theme_fonts=\"yes\" css=\"%7B%22default%22%3A%7B%22font-size%22%3A%2240%22%2C%22line-height%22%3A%221%22%2C%22margin-top%22%3A%220px%22%7D%7D\"]Nombre : Siete Vacas Blend de Tintas Variedad (cepa) : 60% Malbec &#8211; 30% Cabernet Sauvignon &#8211; 10% Tannat Cosecha (a\u00f1o) : 15 de Marzo 2023 Bodega :\u00a0Las Arcas de Tolombon S.A. Procedencia : Campo Ishanka &#8211; Colalao del Valle, Tucum\u00e1n. Grado Alcoh\u00f3lico : 14,3% Altura del Vi\u00f1edo...","protected":false},"author":1,"featured_media":0,"parent":0,"menu_order":0,"comment_status":"closed","ping_status":"closed","template":"","meta":{"_joinchat":[],"footnotes":""},"class_list":["post-6503","page","type-page","status-publish","hentry"],"yoast_head":"<!-- This site is optimized with the Yoast SEO plugin v27.4 - https:\/\/yoast.com\/product\/yoast-seo-wordpress\/ -->\n<title>Vinos Siete Vacas L\u00ednea Origen<\/title>\n<meta name=\"description\" content=\"Conoc\u00e9 nuestra l\u00ednea Siete Vacas de vinos tintos y blancos j\u00f3venes sin paso por barrica.\" \/>\n<meta name=\"robots\" content=\"index, follow, max-snippet:-1, max-image-preview:large, max-video-preview:-1\" \/>\n<link rel=\"canonical\" href=\"https:\/\/bodegalasarcas.com.ar\/web\/siete-vacas-origen\/\" \/>\n<meta property=\"og:locale\" content=\"es_ES\" \/>\n<meta property=\"og:type\" content=\"article\" \/>\n<meta property=\"og:title\" content=\"Vinos Siete Vacas L\u00ednea Origen\" \/>\n<meta property=\"og:description\" content=\"Conoc\u00e9 nuestra l\u00ednea Siete Vacas de vinos tintos y blancos j\u00f3venes sin paso por barrica.\" \/>\n<meta property=\"og:url\" content=\"https:\/\/bodegalasarcas.com.ar\/web\/siete-vacas-origen\/\" \/>\n<meta property=\"og:site_name\" content=\"Bodega las Arcas de Tolomb\u00f3n\" \/>\n<meta property=\"article:publisher\" content=\"https:\/\/www.facebook.com\/lasarcasdetolombonoficial\/\" \/>\n<meta property=\"article:modified_time\" content=\"2020-10-07T12:41:28+00:00\" \/>\n<meta name=\"twitter:card\" content=\"summary_large_image\" \/>\n<script type=\"application\/ld+json\" class=\"yoast-schema-graph\">{\"@context\":\"https:\\\/\\\/schema.org\",\"@graph\":[{\"@type\":\"WebPage\",\"@id\":\"https:\\\/\\\/bodegalasarcas.com.ar\\\/web\\\/siete-vacas-origen\\\/\",\"url\":\"https:\\\/\\\/bodegalasarcas.com.ar\\\/web\\\/siete-vacas-origen\\\/\",\"name\":\"Vinos Siete Vacas L\u00ednea Origen\",\"isPartOf\":{\"@id\":\"https:\\\/\\\/bodegalasarcas.com.ar\\\/web\\\/#website\"},\"datePublished\":\"2019-06-17T17:26:09+00:00\",\"dateModified\":\"2020-10-07T12:41:28+00:00\",\"description\":\"Conoc\u00e9 nuestra l\u00ednea Siete Vacas de vinos tintos y blancos j\u00f3venes sin paso por barrica.\",\"breadcrumb\":{\"@id\":\"https:\\\/\\\/bodegalasarcas.com.ar\\\/web\\\/siete-vacas-origen\\\/#breadcrumb\"},\"inLanguage\":\"es\",\"potentialAction\":[{\"@type\":\"ReadAction\",\"target\":[\"https:\\\/\\\/bodegalasarcas.com.ar\\\/web\\\/siete-vacas-origen\\\/\"]}]},{\"@type\":\"BreadcrumbList\",\"@id\":\"https:\\\/\\\/bodegalasarcas.com.ar\\\/web\\\/siete-vacas-origen\\\/#breadcrumb\",\"itemListElement\":[{\"@type\":\"ListItem\",\"position\":1,\"name\":\"Portada\",\"item\":\"https:\\\/\\\/bodegalasarcas.com.ar\\\/web\\\/\"},{\"@type\":\"ListItem\",\"position\":2,\"name\":\"Siete Vacas Origen\"}]},{\"@type\":\"WebSite\",\"@id\":\"https:\\\/\\\/bodegalasarcas.com.ar\\\/web\\\/#website\",\"url\":\"https:\\\/\\\/bodegalasarcas.com.ar\\\/web\\\/\",\"name\":\"Bodega las Arcas de Tolomb\u00f3n\",\"description\":\"Vinos Tucumanos con la fuerza Valle Calchaqu\u00ed\",\"publisher\":{\"@id\":\"https:\\\/\\\/bodegalasarcas.com.ar\\\/web\\\/#organization\"},\"potentialAction\":[{\"@type\":\"SearchAction\",\"target\":{\"@type\":\"EntryPoint\",\"urlTemplate\":\"https:\\\/\\\/bodegalasarcas.com.ar\\\/web\\\/?s={search_term_string}\"},\"query-input\":{\"@type\":\"PropertyValueSpecification\",\"valueRequired\":true,\"valueName\":\"search_term_string\"}}],\"inLanguage\":\"es\"},{\"@type\":\"Organization\",\"@id\":\"https:\\\/\\\/bodegalasarcas.com.ar\\\/web\\\/#organization\",\"name\":\"Bodega las Arcas de Tolomb\u00f3n\",\"url\":\"https:\\\/\\\/bodegalasarcas.com.ar\\\/web\\\/\",\"logo\":{\"@type\":\"ImageObject\",\"inLanguage\":\"es\",\"@id\":\"https:\\\/\\\/bodegalasarcas.com.ar\\\/web\\\/#\\\/schema\\\/logo\\\/image\\\/\",\"url\":\"https:\\\/\\\/bodegalasarcas.com.ar\\\/web\\\/wp-content\\\/uploads\\\/2020\\\/05\\\/logo-BLAT-2020.png\",\"contentUrl\":\"https:\\\/\\\/bodegalasarcas.com.ar\\\/web\\\/wp-content\\\/uploads\\\/2020\\\/05\\\/logo-BLAT-2020.png\",\"width\":1024,\"height\":1024,\"caption\":\"Bodega las Arcas de Tolomb\u00f3n\"},\"image\":{\"@id\":\"https:\\\/\\\/bodegalasarcas.com.ar\\\/web\\\/#\\\/schema\\\/logo\\\/image\\\/\"},\"sameAs\":[\"https:\\\/\\\/www.facebook.com\\\/lasarcasdetolombonoficial\\\/\",\"https:\\\/\\\/www.instagram.com\\\/bodegalasarcas_oficial\\\/\",\"https:\\\/\\\/www.youtube.com\\\/channel\\\/UCFZl-FjVRhqERIKARMLo4rw\"]}]}<\/script>\n<!-- \/ Yoast SEO plugin. -->","yoast_head_json":{"title":"Vinos Siete Vacas L\u00ednea Origen","description":"Conoc\u00e9 nuestra l\u00ednea Siete Vacas de vinos tintos y blancos j\u00f3venes sin paso por barrica.","robots":{"index":"index","follow":"follow","max-snippet":"max-snippet:-1","max-image-preview":"max-image-preview:large","max-video-preview":"max-video-preview:-1"},"canonical":"https:\/\/bodegalasarcas.com.ar\/web\/siete-vacas-origen\/","og_locale":"es_ES","og_type":"article","og_title":"Vinos Siete Vacas L\u00ednea Origen","og_description":"Conoc\u00e9 nuestra l\u00ednea Siete Vacas de vinos tintos y blancos j\u00f3venes sin paso por barrica.","og_url":"https:\/\/bodegalasarcas.com.ar\/web\/siete-vacas-origen\/","og_site_name":"Bodega las Arcas de Tolomb\u00f3n","article_publisher":"https:\/\/www.facebook.com\/lasarcasdetolombonoficial\/","article_modified_time":"2020-10-07T12:41:28+00:00","twitter_card":"summary_large_image","schema":{"@context":"https:\/\/schema.org","@graph":[{"@type":"WebPage","@id":"https:\/\/bodegalasarcas.com.ar\/web\/siete-vacas-origen\/","url":"https:\/\/bodegalasarcas.com.ar\/web\/siete-vacas-origen\/","name":"Vinos Siete Vacas L\u00ednea Origen","isPartOf":{"@id":"https:\/\/bodegalasarcas.com.ar\/web\/#website"},"datePublished":"2019-06-17T17:26:09+00:00","dateModified":"2020-10-07T12:41:28+00:00","description":"Conoc\u00e9 nuestra l\u00ednea Siete Vacas de vinos tintos y blancos j\u00f3venes sin paso por barrica.","breadcrumb":{"@id":"https:\/\/bodegalasarcas.com.ar\/web\/siete-vacas-origen\/#breadcrumb"},"inLanguage":"es","potentialAction":[{"@type":"ReadAction","target":["https:\/\/bodegalasarcas.com.ar\/web\/siete-vacas-origen\/"]}]},{"@type":"BreadcrumbList","@id":"https:\/\/bodegalasarcas.com.ar\/web\/siete-vacas-origen\/#breadcrumb","itemListElement":[{"@type":"ListItem","position":1,"name":"Portada","item":"https:\/\/bodegalasarcas.com.ar\/web\/"},{"@type":"ListItem","position":2,"name":"Siete Vacas Origen"}]},{"@type":"WebSite","@id":"https:\/\/bodegalasarcas.com.ar\/web\/#website","url":"https:\/\/bodegalasarcas.com.ar\/web\/","name":"Bodega las Arcas de Tolomb\u00f3n","description":"Vinos Tucumanos con la fuerza Valle Calchaqu\u00ed","publisher":{"@id":"https:\/\/bodegalasarcas.com.ar\/web\/#organization"},"potentialAction":[{"@type":"SearchAction","target":{"@type":"EntryPoint","urlTemplate":"https:\/\/bodegalasarcas.com.ar\/web\/?s={search_term_string}"},"query-input":{"@type":"PropertyValueSpecification","valueRequired":true,"valueName":"search_term_string"}}],"inLanguage":"es"},{"@type":"Organization","@id":"https:\/\/bodegalasarcas.com.ar\/web\/#organization","name":"Bodega las Arcas de Tolomb\u00f3n","url":"https:\/\/bodegalasarcas.com.ar\/web\/","logo":{"@type":"ImageObject","inLanguage":"es","@id":"https:\/\/bodegalasarcas.com.ar\/web\/#\/schema\/logo\/image\/","url":"https:\/\/bodegalasarcas.com.ar\/web\/wp-content\/uploads\/2020\/05\/logo-BLAT-2020.png","contentUrl":"https:\/\/bodegalasarcas.com.ar\/web\/wp-content\/uploads\/2020\/05\/logo-BLAT-2020.png","width":1024,"height":1024,"caption":"Bodega las Arcas de Tolomb\u00f3n"},"image":{"@id":"https:\/\/bodegalasarcas.com.ar\/web\/#\/schema\/logo\/image\/"},"sameAs":["https:\/\/www.facebook.com\/lasarcasdetolombonoficial\/","https:\/\/www.instagram.com\/bodegalasarcas_oficial\/","https:\/\/www.youtube.com\/channel\/UCFZl-FjVRhqERIKARMLo4rw"]}]}},"_links":{"self":[{"href":"https:\/\/bodegalasarcas.com.ar\/web\/wp-json\/wp\/v2\/pages\/6503","targetHints":{"allow":["GET"]}}],"collection":[{"href":"https:\/\/bodegalasarcas.com.ar\/web\/wp-json\/wp\/v2\/pages"}],"about":[{"href":"https:\/\/bodegalasarcas.com.ar\/web\/wp-json\/wp\/v2\/types\/page"}],"author":[{"embeddable":true,"href":"https:\/\/bodegalasarcas.com.ar\/web\/wp-json\/wp\/v2\/users\/1"}],"replies":[{"embeddable":true,"href":"https:\/\/bodegalasarcas.com.ar\/web\/wp-json\/wp\/v2\/comments?post=6503"}],"version-history":[{"count":10,"href":"https:\/\/bodegalasarcas.com.ar\/web\/wp-json\/wp\/v2\/pages\/6503\/revisions"}],"predecessor-version":[{"id":7377,"href":"https:\/\/bodegalasarcas.com.ar\/web\/wp-json\/wp\/v2\/pages\/6503\/revisions\/7377"}],"wp:attachment":[{"href":"https:\/\/bodegalasarcas.com.ar\/web\/wp-json\/wp\/v2\/media?parent=6503"}],"curies":[{"name":"wp","href":"https:\/\/api.w.org\/{rel}","templated":true}]}}